 -y + 10. Is 4 a factor of u?
False
Let a(b) = -14*b**3 - 2*b - 3 + 2 + 2*b**2 - 3*b**2. Suppose -4*p - 2 - 5 = -3*y, p - 2*y = -3. Is 5 a factor of a(p)?
False
Suppose -82 = -5*v + 73. Does 16 divide v?
False
Let m(s) = 5*s**2 + 2. Suppose -2*i + 7*i + 10 = 0. Let p be m(i). Suppose 5*f - 5*j - 23 = 12, 4*f - j = p. Is f even?
False
Let w = -4 + 9. Suppose -f + 3 = -w. Is 5 a factor of f?
False
Let t(k) be the third derivative of 0*k + 1/60*k**5 + 0 - k**2 - 1/6*k**3 + 1/24*k**4. Is t(-4) a multiple of 6?
False
Suppose 4*f = -5*g - 4 - 2, 4*g - 3*f = 20. Suppose 0*o = 5*o - 4*u - 45, -18 = -g*o - 4*u. Suppose j = 2*j - o. Is j a multiple of 5?
False
Let f = 4 - 3. Let k be ((f - 0) + -1)/2. Let g = k + 21. Is 9 a factor of g?
False
Let b(m) = 3*m**3 - m**2. Let s be b(1). Suppose -18 = -3*g - s*r, 3 = 3*g - 2*r - 27. Does 4 divide g?
True
Suppose -g = 4 + 3. Let z = g + 12. Is z even?
False
Let k(o) = o**3 - 8*o**2 + 6*o + 12. Is 5 a factor of k(7)?
True
Suppose -1365 = -6*z + 357. Is 25 a factor of z?
False
Suppose -5*f + 16 = 2*p + 598, -4*p + 252 = -2*f. Is (f/(2 + -3))/2 a multiple of 13?
False
Let j be -42*6/9*-1. Let l(p) = -22*p - 3. Let u be l(-2). Let q = u - j. Is 7 a factor of q?
False
Suppose -3*z + 8 = 4*a - z, -2 = -4*a + z. Let p be (58*2)/(1 + a). Let l = p + -36. Is l a multiple of 8?
False
Let d(c) = -3*c + 4. Let x be d(-5). Suppose 0 = j - h - 7, j + 0*h + 5*h - x = 0. Does 9 divide j?
True
Suppose -4*p + 0*p - 124 = -g, -656 = -5*g + 2*p. Is g a multiple of 33?
True
Let r(y) = -y - 4. Let w be r(-5). Is 9 a factor of -15 - -32 - 1/w?
False
Does 4 divide 2 - -13 - (0 - 1)?
True
Let h(q) = -21*q - 3. Let f be h(-3). Let n(w) = 5*w**2 - w - 5. Let g be n(-4). Suppose -5*c + 5*u + f = 0, 4*c + 5*u - 5 - g = 0. Does 8 divide c?
True
Let t(o) = o - 10. Let j be t(10). Suppose -2*v - v + 2*s + 46 = j, -s = -2*v + 31. Is v a multiple of 16?
True
Let k(m) = -m**2 - m + 12. Let t = 2 - -1. Suppose -z + 4*w + 4 = t*z, -z = 2*w + 2. Is k(z) a multiple of 12?
True
Let l(n) = 154*n - n**2 - 158*n + 2*n**2 + 7. Suppose 2*w + 2*z = 9 + 1, 4*w + z = 23. Is l(w) a multiple of 5?
False
Let l(r) be the third derivative of r**5/60 + r**4/24 + 6*r**3 - 3*r**2. Let n be l(0). Suppose -4*b + n = -0*b. Does 9 divide b?
True
Suppose 2*l - 204 = -0*l. Is 34 a factor of l?
True
Is 215 + (-1)/4 + (-55)/20 a multiple of 34?
False
Let s = -3 + -9. Let f = 1 - s. Is 13 a factor of f?
True
Suppose 187 = 5*y - 2*d, -y + 19 = -8*d + 3*d. Let l = -22 + y. Is l a multiple of 7?
False
Suppose 3*n - 11 = -2. Suppose 0*b + 21 = n*b. Let a(p) = 2*p + 2. Is a(b) a multiple of 16?
True
Let w be (1/3)/(7/21). Let q = 24 + w. Is q a multiple of 20?
False
Suppose 3*d + 0*d + 5*v = -19, -v = 2*d + 15. Let x(c) = c**3 - 4*c**2 - 4*c - 4. Let b be x(5). Is 8 a factor of (-22)/d*8/b?
False
Let k(s) be the second derivative of s**5/20 - s**4/2 + s**3 + 5*s**2/2 - 3*s. Is k(5) a multiple of 10?
True
Let y = 2 - -3. Suppose y = p + 3. Is p a multiple of 2?
True
Let f be (-39)/12*(-4)/1. Does 23 divide f/(-26)*92/(-1)?
True
Let i = -2 - -5. Suppose 0 = -2*z + 6*z + i*p - 15, 2*z - 15 = p. Let j(y) = y**3 - 6*y**2 + 3*y - 7. Does 11 divide j(z)?
True
Suppose -5*p + 0*p = 5*z - 45, 0 = 5*p - 4*z - 54. Does 5 divide p?
True
Suppose -6*o = -4*o. Let f(y) = y**3 - y + 39. Does 13 divide f(o)?
True
Let r(w) = w**3 - w + 3. Let z be r(0). Let b = -1 + z. Suppose 10 - b = a. Does 4 divide a?
True
Suppose -h - r = -6, 2 = -2*h - 3*r + 15. Suppose h*p = p + 60. Is p a multiple of 15?
True
Suppose 4*o + 10 = 58. Suppose 12 = 2*q - 2*m, -3*q - 4*m - o = -5*q. Does 3 divide q?
True
Let y(h) = -h**3 - 4*h**2 - 4*h - 4. Is 12 a factor of y(-4)?
True
Let v = -147 - -97. Is 13 a factor of (-980)/v - (-4)/10?
False
Let c(t) = -2*t. Let g be c(-2). Suppose g*j - 30 = -u, 0 = -u + 4*j + 4 + 10. Is 11 a factor of u?
True
Let d be (-6)/(-21) - (-537)/7. Suppose 3*f - 4*a - d = 0, 2*a + 3*a + 10 = 0. Is 9 a factor of f?
False
Suppose -7*d + 222 = 12. Is 5 a factor of d?
True
Let c(j) = j + 2*j**2 - j - 6*j. Is 5 a factor of c(4)?
False
Is 31 a factor of 0*((-6)/3 - -1) + 290?
False
Let j(c) = 2*c**2 - 3*c + 1. Is 15 a factor of j(-4)?
True
Let l = -24 + 24. Suppose -5*k + 265 = -l*k. Does 21 divide k?
False
Let a be 32/(-40)*10/(-4). Suppose -26 = -0*t - a*t. Does 4 divide t?
False
Suppose 0 = x + 5*z - 20, x = 4*x - 5*z. Suppose -2*f + 4 - 2 = x*l, 3*f + 6 = -3*l. Suppose -3*n + 22 = -l. Does 4 divide n?
True
Is (-22)/(16/(-15) + 34/85) a multiple of 3?
True
Suppose f = -0*f + 30. Is 8 a factor of f?
False
Let v(g) = -g**2 - g - 1. Let i(b) = 5*b**2 + 6*b + 8. Let j(t) = i(t) + 6*v(t). Let u(c) be the first derivative of j(c). Does 8 divide u(-4)?
True
Suppose 0*d = -d. Suppose -4*i + d*i = -208. Is i a multiple of 11?
False
Let p(h) = h**3 + 3*h**2 + 3*h + 3. Does 24 divide p(3)?
False
Let v(n) = -n**3 + 8*n**2 - 2*n - 5. Let k be v(5). Suppose s - k = -3*s. Is s a multiple of 15?
True
Does 47 divide 10152/(-81)*((-9)/2)/3?
True
Let h(u) be the third derivative of -u**6/120 + u**5/10 + u**4/8 + 2*u**3/3 - 2*u**2. Let b be h(6). Suppose y - 2*y + b = 0. Is y a multiple of 11?
True
Suppose 3*a - 14 = 175. Let f = a + 12. Is 12 a factor of f/(-10)*2/(-1)?
False
Suppose 3*v - 4*v = 1. Let k be (-1 - v)/(-5 - -3). Suppose k*d - d = -8. Is 4 a factor of d?
True
Let a be 4/(-6) + (-52)/(-6). Let h be 54/a + (-1)/(-4). Let c(z) = 3*z - 8. Does 13 divide c(h)?
True
Let i(d) = 2*d**3 - d**2 + 3*d - 3. Is i(2) a multiple of 6?
False
Suppose -6*p = -0*p - 816. Does 17 divide p?
True
Let c(r) be the third derivative of -r**5/60 + r**4/4 + r**3/6 + r**2. Let n be c(5). Does 18 divide n/(3*3/27)?
True
Does 21 divide (-6)/5*140/(-2)?
True
Suppose -3*k + k + 52 = 0. Suppose 0 = -5*b - j + 23 + 23, -3*b - j = -k. Is b a multiple of 5?
True
Let w(s) = s**2 - 2*s - 7. Let x be w(-5). Let q = x - 17. Is 11 a factor of q?
True
Let r(q) = q**3 + q + 24. Is 12 a factor of r(0)?
True
Suppose -4*p - 82 = -0*p + 5*k, 3*p + 63 = -3*k. Let h = p - -38. Is h a multiple of 15?
True
Let d(c) = -c**3 - c**2 - c + 96. Let h be d(0). Suppose 5*z - 129 = -4*i, 3*z + z = -3*i + h. Is 11 a factor of i?
False
Suppose 0 = 4*z + 4*m - 304, -3*m = -11 - 1. Does 24 divide z?
True
Let y(k) = -k**3 - 11*k**2 + 7. Does 5 divide y(-11)?
False
Let b(w) = -w**2 - 6*w - 5. Let y be b(-4). Is 11 a factor of (17/y)/(6/18)?
False
Let i(n) = -n + 3. Let j be i(4). Let o = j - -4. Suppose -5*h - 56 = -o*q - 246, 3*h - 114 = 4*q. Is h a multiple of 15?
False
Suppose -2*w = -w - 2. Let s be (-6)/8*32/w. Let o = s + 21. Is 3 a factor of o?
True
Let o = 59 + 69. Is 49 a factor of o?
False
Let h = 9 - 8. Is 2 a factor of 9/(-15)*(h + -6)?
False
Let b be (-96)/9 - (-6)/9. Let y = -5 - b. Suppose 3*l = -o + 21, -y*l = -2*o - 64 + 18. Does 6 divide l?
False
Let v be ((-48)/30)/(2/(-35)). Suppose 0 = 4*t + 16 - 180. Let o = t - v. Does 13 divide o?
True
Suppose -6*d + d + 25 = 0. Suppose -d*x - 163 = 162. Is 13 a factor of (x/20)/((-2)/8)?
True
Suppose -b = -4*b. Is b - (-2 - -1)*4 a multiple of 4?
True
Let b = 150 + -106. Is 22 a factor of b?
True
Let a = 7 - 4. Let p = 7 - a. Is p even?
True
Suppose -32 = 3*h - 5. Let j(c) = c**3 + 8*c**2 - 13*c - 3. Is j(h) a multiple of 12?
False
Let a = -3 - -5. Suppose a*k = 3*k - 10. Is 3 a factor of k?
False
Let w(i) = 5*i + 3. Let h(o) = -o. Let z(v) = -4*h(v) - w(v). Is z(-8) even?
False
Let p = 231 + -108. Is 19 a factor of p?
False
Let x(k) be the first derivative of k**4/4 - 5*k**3/3 - 5*k**2/2 - 3*k - 1. Let r be x(6). Is 7 a factor of (-14)/3*r/(-2)?
True
Let y(k) = -7*k - 5. Let h be y(5). Let d = -12 - h. Let a = -6 + d. Is a a multiple of 11?
True
Let w = -18 + 9. Suppose -3*v + 0*v = 6. Does 5 divide w/6 + (-13)/v?
True
Suppose -4*g - 5*f - 6 = -24, -2*g + 2*f = 0. Suppose 2*r - 4 = 0, 0*q - 116 = -g*q - 3*r. Does 21 divide q?
False
Let l be (-1*2)/((-5)/10). Suppose -3*j + 7*j = -5*r + 76, 0 = r + l. Is 12 a factor of j?
True
Let c(j) = j**3 - 12*j**2 + 6. Let r(a) = a**2 + 3. Let m be r(-3). Is 6 a factor of c(m)?
True
Let j = 3 + 1. Let g be 2/4*123*j. Suppose -5*w = -g + 86. Is w a multiple of 16?
True
Let f(q) = q + 2 + 2*q**2 - 3*q - 3*q - 3. Does 12 divide f(5)?
True
Let f(o) = -o**2 + 7*o - 7.